{"id":19098,"date":"2024-10-01T07:10:42","date_gmt":"2024-10-01T07:10:42","guid":{"rendered":"https:\/\/webmedical.ro\/conferintacfr2\/?page_id=19098"},"modified":"2025-12-18T04:33:38","modified_gmt":"2025-12-18T04:33:38","slug":"termeni","status":"publish","type":"page","link":"https:\/\/www.webmedical.ro\/realitatialespitalelor\/termeni\/","title":{"rendered":"Termeni si conditii"},"content":{"rendered":"\t\t<div data-elementor-type=\"wp-page\" data-elementor-id=\"19098\" class=\"elementor elementor-19098\">\n\t\t\t\t\t\t<section class=\"elementor-section elementor-top-section elementor-element elementor-element-6f6b966d elementor-section-boxed elementor-section-height-default elementor-section-height-default\" data-id=\"6f6b966d\" data-element_type=\"section\" data-settings=\"{&quot;background_background&quot;:&quot;classic&quot;}\">\n\t\t\t\t\t\t<div class=\"elementor-container elementor-column-gap-default\">\n\t\t\t\t\t<div class=\"elementor-column elementor-col-100 elementor-top-column elementor-element elementor-element-6dfb51ce\" data-id=\"6dfb51ce\" data-element_type=\"column\">\n\t\t\t<div class=\"elementor-widget-wrap elementor-element-populated\">\n\t\t\t\t\t\t<div class=\"elementor-element elementor-element-6822b7de elementor-widget elementor-widget-heading\" data-id=\"6822b7de\" data-element_type=\"widget\" data-widget_type=\"heading.default\">\n\t\t\t\t<div class=\"elementor-widget-container\">\n\t\t\t<style>\/*! elementor - v3.23.0 - 15-07-2024 *\/\n.elementor-heading-title{padding:0;margin:0;line-height:1}.elementor-widget-heading .elementor-heading-title[class*=elementor-size-]>a{color:inherit;font-size:inherit;line-height:inherit}.elementor-widget-heading .elementor-heading-title.elementor-size-small{font-size:15px}.elementor-widget-heading .elementor-heading-title.elementor-size-medium{font-size:19px}.elementor-widget-heading .elementor-heading-title.elementor-size-large{font-size:29px}.elementor-widget-heading .elementor-heading-title.elementor-size-xl{font-size:39px}.elementor-widget-heading .elementor-heading-title.elementor-size-xxl{font-size:59px}<\/style><h2 class=\"elementor-heading-title elementor-size-default\">TERMENI \u0218I CONDI\u021aII<\/h2>\t\t<\/div>\n\t\t\t\t<\/div>\n\t\t\t\t<div class=\"elementor-element elementor-element-1acfd43b elementor-widget elementor-widget-text-editor\" data-id=\"1acfd43b\" data-element_type=\"widget\" data-widget_type=\"text-editor.default\">\n\t\t\t\t<div class=\"elementor-widget-container\">\n\t\t\t<style>\/*! elementor - v3.23.0 - 15-07-2024 *\/\n.elementor-widget-text-editor.elementor-drop-cap-view-stacked .elementor-drop-cap{background-color:#69727d;color:#fff}.elementor-widget-text-editor.elementor-drop-cap-view-framed .elementor-drop-cap{color:#69727d;border:3px solid;background-color:transparent}.elementor-widget-text-editor:not(.elementor-drop-cap-view-default) .elementor-drop-cap{margin-top:8px}.elementor-widget-text-editor:not(.elementor-drop-cap-view-default) .elementor-drop-cap-letter{width:1em;height:1em}.elementor-widget-text-editor .elementor-drop-cap{float:left;text-align:center;line-height:1;font-size:50px}.elementor-widget-text-editor .elementor-drop-cap-letter{display:inline-block}<\/style>\t\t\t\t<p>Conferin\u021ba Na\u021bional\u0103 \u201eREALIT\u0102\u021aI ALE SPITALELOR DIN ROM\u00c2NIA \u00ceN ANUL 2026\u201d, a II-a edi\u021bie.<\/p>\t\t\t\t\t\t<\/div>\n\t\t\t\t<\/div>\n\t\t\t\t\t<\/div>\n\t\t<\/div>\n\t\t\t\t\t<\/div>\n\t\t<\/section>\n\t\t<div class=\"elementor-element elementor-element-48347af e-flex e-con-boxed e-con e-parent\" data-id=\"48347af\" data-element_type=\"container\">\n\t\t\t\t\t<div class=\"e-con-inner\">\n\t\t\t\t<div class=\"elementor-element elementor-element-caa5880 elementor-widget elementor-widget-text-editor\" data-id=\"caa5880\" data-element_type=\"widget\" data-widget_type=\"text-editor.default\">\n\t\t\t\t<div class=\"elementor-widget-container\">\n\t\t\t\t\t\t\t<p>Stima\u021bi participan\u021bi,<\/p><p>\u00cen momentul \u00een care efectua\u021bi \u00eenregistrarea on-line, \u00een cadrul acestui eveniment se creeaz\u0103 o rela\u021bie contractual\u0103 \u00eentre d-voastr\u0103 \u0219i \u00eentre organizatorul logistic al evenimentului.<\/p><p>Astfel vom agrea urmatorii\u00a0 \u2013 Termeni \u0219i Condi\u021bii generale.<\/p><p><strong>Termeni \u0219i condi\u021bii generale<\/strong><\/p><ul><li><strong>\u00cenregistrare<\/strong><\/li><\/ul><p>\u00cenregistrarea se va efectua electronic, utiliz\u00e2nd formularul de \u00eenregistrare disponibil pe site.<\/p><p>V\u0103 rug\u0103m ca toate datele completate s\u0103 fie verificate, pentru a fi corecte !<\/p><p>\u00cenregistr\u0103rile f\u0103r\u0103 datele complete ale participantului pot crea disensuni legate de transmiterea datelor de logare la eveniment, de eliberarea certificatelor de participare, de validarea \u00eenregistr\u0103rii on-line.<\/p><p>\u00cenregistrarea on-line nu este valid\u0103 dac\u0103 nu este efectuat\u0103 plata taxei de participare, respectiv dac\u0103 nu completa\u021bi c\u00e2mpul \u00een care se solicit\u0103 detalii bancare.<\/p><p>La \u00eenregistrare, participantul va primi un e-mail de confirmare a \u00eenregistr\u0103rii in maxim 5 minute de le efectuarea ei. C\u0103uta\u021bi acest email \u0219i \u00een SPAM, fi\u021bi aten\u021bi la adresa de email completat\u0103, s\u0103 nu fie gre\u0219it\u0103, \u00een acest caz nu ve\u021bi putea recep\u021biona nici emailul de confirmare, nici datele de logare.<\/p><p>\u00cen cazul \u00een care nu primi\u021bi acest email de confirmare repeteta\u021bi \u00eenscrierea on-line!<\/p><ul><li><strong>Plata<\/strong><\/li><\/ul><p>Plata se efectueaz\u0103 \u00een contul bancar pus la dispozi\u021bie pe site.<\/p><p>Efectuarea \u00eenregistr\u0103rii f\u0103r\u0103 achitarea taxei de participare nu este valid\u0103 !<\/p><ul><li><strong>Date personale<\/strong><\/li><\/ul><p>\u00cen vederea eliber\u0103rii certificatului de participare, v\u0103 inform\u0103m c\u0103 este obligatorie transmiterea codului CUIM, respectiv Codul Unic de Identificare al Medicului ce se reg\u0103se\u0219te pe certificatul de membru al CMR, de c\u0103tre participan\u021bii medici rom\u00e2ni \u020bn cadrul formularului de \u020bnregistrare.<\/p><p>\u00cen cazul \u00een care nu detine\u021bi acest cod \u00a0CUIM sau nu sunte\u021bi membru al Colegiului Medicilor din Romania, vom elibera, la cerere, certificate f\u0103r\u0103 credite EMC.<\/p><p>\u00cen aceste condi\u021bii este obligatorie \u020bnregistrarea\u00a0 la eveniment \u015fi plata taxei de participare corespunz\u0103toare.<\/p><ul><li><strong>Anularea particip\u0103rii<\/strong><\/li><\/ul><p>\u00cen cazul \u00een care dori\u021bi anularea particip\u0103rii \u00een cadrul evenimentului, v\u0103 rug\u0103m s\u0103 transmite\u021bi un email organizatorului logistic HIGH LIFE EVENTS la adresa de e-mail\u00a0\u2013\u00a0<a href=\"mailto:office@highlife-events.ro\">office@highlife-events.ro<\/a>.<\/p><p>Putem restitui suma achitat\u0103 ini\u021bial minus o tax\u0103 de 40 lei( ce reprezint\u0103 taxele bancare \u0219i administrative ) \u00a0p\u00e2n\u0103 la data de 10 noiembrie 2024.<\/p><p>Dup\u0103 aceast\u0103 dat\u0103, nu mai putem restitui suma achitat\u0103 !<\/p><ul><li><strong>Certificatele de participare<\/strong><\/li><\/ul><p>Certificatele de participare se vor desc\u0103rca \u00een format virtual dup\u0103 o prealabil\u0103 completare a chestionarului eliberat \u0219i impus de c\u0103tre Colegiul Medicilor Rom\u00e2nia.<\/p><p>Termenul de eliberare este de maxim 30 de zile lucr\u0103toarea de la finalizarea evenimentului.<\/p><p>Pe adresa de email folosit\u0103 la \u00eenregistrarea on-line ve\u021bi primi linkul de desc\u0103rcare al certificatelor.<\/p><p>Pentru diferite probleme organizatorice legate de eliberarea certificatelor solu\u021bion\u0103m aceste aspecte \u00een maxim 60 de zile de la finalizarea evenimentului.<\/p><ul><li><strong>Participarea la eveniment<\/strong><\/li><\/ul><p>Prezen\u021ba la toate sesiunile \u0219tiin\u021bifice este absolut obligatorie pentru eliberarea certificatelor de participare!<\/p><p><strong>In cazul neprezentarii<\/strong>\u00a0la eveniment suma achitata nu se restituie, iar\u00a0<strong>certificatul de participare nu se elibereaza<\/strong>\u00a0conform deciziei Colegiului Medicilor Romania.<\/p><ul><li><strong>Adresabilitate<\/strong><\/li><\/ul><p>Evenimentul este dedicat exclusiv profesionistilor din domeniul sanatatii.\u00a0<\/p><p>Accesul la simpozionale de companie este facilitatat\u00a0 doar profesionistilor din domeniul sananatatii conform Legii 95\/2006.<\/p>\t\t\t\t\t\t<\/div>\n\t\t\t\t<\/div>\n\t\t\t\t\t<\/div>\n\t\t\t\t<\/div>\n\t\t<div class=\"elementor-element elementor-element-5d2b0625 e-grid e-con-boxed e-con e-parent\" data-id=\"5d2b0625\" data-element_type=\"container\">\n\t\t\t\t\t<div class=\"e-con-inner\">\n\t\t\t\t<div class=\"elementor-element elementor-element-69267ef elementor-widget elementor-widget-gimont_elementor_title_box\" data-id=\"69267ef\" data-element_type=\"widget\" data-widget_type=\"gimont_elementor_title_box.default\">\n\t\t\t\t<div class=\"elementor-widget-container\">\n\t\t\t\t\t<div class=\"ova-title-box\">\n\t\t\t<div class=\"line\"><\/div>\n\t\t\t<h3 class=\"title\">\n\t\t\t\t<a href=\"https:\/\/webmedical.ro\/conferintacfr\/taxe\/\"\n\t\t\t\t\ttitle=\"TAXE DE PARTICIPARE\"\n\t\t\t\t\ttarget=\"_blank\" >\n\t\t\t\t\tTAXE DE PARTICIPARE\t\t\t\t<\/a>\n\t\t\t<\/h3>\n\t\t\t<div class=\"link\">\n\t\t\t\t<a href=\"https:\/\/webmedical.ro\/conferintacfr\/taxe\/\"\n\t\t\t\t\ttitle=\"DETALII\"\n\t\t\t\t\ttarget=\"_blank\" \t\t\t\t\tclass=\"text\">\n\t\t\t\t\tDETALII\t\t\t\t<\/a>\n\t\t\t\t<div class=\"icon\">\n\t\t\t\t\t<i aria-hidden=\"true\" class=\"fas fa-arrow-right\"><\/i>\t\t\t\t<\/div>\n\t\t\t<\/div>\n\t\t<\/div>\n\t\t\t\t<\/div>\n\t\t\t\t<\/div>\n\t\t\t\t<div class=\"elementor-element elementor-element-12d110e7 elementor-widget elementor-widget-gimont_elementor_title_box\" data-id=\"12d110e7\" data-element_type=\"widget\" data-widget_type=\"gimont_elementor_title_box.default\">\n\t\t\t\t<div class=\"elementor-widget-container\">\n\t\t\t\t\t<div class=\"ova-title-box\">\n\t\t\t<div class=\"line\"><\/div>\n\t\t\t<h3 class=\"title\">\n\t\t\t\t<a href=\"https:\/\/webmedical.ro\/conferintacfr\/inregistrare\/\"\n\t\t\t\t\ttitle=\"INREGISTRARE ONLINE\"\n\t\t\t\t\ttarget=\"_blank\" >\n\t\t\t\t\tINREGISTRARE ONLINE\t\t\t\t<\/a>\n\t\t\t<\/h3>\n\t\t\t<div class=\"link\">\n\t\t\t\t<a href=\"https:\/\/webmedical.ro\/conferintacfr\/inregistrare\/\"\n\t\t\t\t\ttitle=\"DETALII\"\n\t\t\t\t\ttarget=\"_blank\" \t\t\t\t\tclass=\"text\">\n\t\t\t\t\tDETALII\t\t\t\t<\/a>\n\t\t\t\t<div class=\"icon\">\n\t\t\t\t\t<i aria-hidden=\"true\" class=\"fas fa-arrow-right\"><\/i>\t\t\t\t<\/div>\n\t\t\t<\/div>\n\t\t<\/div>\n\t\t\t\t<\/div>\n\t\t\t\t<\/div>\n\t\t\t\t<div class=\"elementor-element elementor-element-76c6421 elementor-widget elementor-widget-gimont_elementor_title_box\" data-id=\"76c6421\" data-element_type=\"widget\" data-widget_type=\"gimont_elementor_title_box.default\">\n\t\t\t\t<div class=\"elementor-widget-container\">\n\t\t\t\t\t<div class=\"ova-title-box\">\n\t\t\t<div class=\"line\"><\/div>\n\t\t\t<h3 class=\"title\">\n\t\t\t\t<a href=\"https:\/\/webmedical.ro\/conferintacfr\/intrebari\/\"\n\t\t\t\t\ttitle=\"INTREBARI FRECVENTE\"\n\t\t\t\t\ttarget=\"_blank\" >\n\t\t\t\t\tINTREBARI FRECVENTE\t\t\t\t<\/a>\n\t\t\t<\/h3>\n\t\t\t<div class=\"link\">\n\t\t\t\t<a href=\"https:\/\/webmedical.ro\/conferintacfr\/intrebari\/\"\n\t\t\t\t\ttitle=\"DETALII\"\n\t\t\t\t\ttarget=\"_blank\" \t\t\t\t\tclass=\"text\">\n\t\t\t\t\tDETALII\t\t\t\t<\/a>\n\t\t\t\t<div class=\"icon\">\n\t\t\t\t\t<i aria-hidden=\"true\" class=\"fas fa-arrow-right\"><\/i>\t\t\t\t<\/div>\n\t\t\t<\/div>\n\t\t<\/div>\n\t\t\t\t<\/div>\n\t\t\t\t<\/div>\n\t\t\t\t\t<\/div>\n\t\t\t\t<\/div>\n\t\t\t\t<\/div>\n\t\t","protected":false},"excerpt":{"rendered":"<p>TERMENI \u0218I CONDI\u021aII Conferin\u021ba Na\u021bional\u0103 \u201eREALIT\u0102\u021aI ALE SPITALELOR DIN ROM\u00c2NIA \u00ceN ANUL 2026\u201d, a II-a edi\u021bie. Stima\u021bi participan\u021bi, \u00cen momentul \u00een care efectua\u021bi \u00eenregistrarea on-line, \u00een cadrul acestui eveniment se creeaz\u0103 o rela\u021bie contractual\u0103 \u00eentre d-voastr\u0103 \u0219i \u00eentre organizatorul logistic al evenimentului. Astfel vom agrea urmatorii\u00a0 \u2013 Termeni \u0219i Condi\u021bii generale. Termeni \u0219i condi\u021bii generale [&hellip;]<\/p>\n","protected":false},"author":1,"featured_media":0,"parent":0,"menu_order":0,"comment_status":"closed","ping_status":"closed","template":"elementor_header_footer","meta":{"footnotes":""},"class_list":["post-19098","page","type-page","status-publish","hentry"],"_links":{"self":[{"href":"https:\/\/www.webmedical.ro\/realitatialespitalelor\/wp-json\/wp\/v2\/pages\/19098","targetHints":{"allow":["GET"]}}],"collection":[{"href":"https:\/\/www.webmedical.ro\/realitatialespitalelor\/wp-json\/wp\/v2\/pages"}],"about":[{"href":"https:\/\/www.webmedical.ro\/realitatialespitalelor\/wp-json\/wp\/v2\/types\/page"}],"author":[{"embeddable":true,"href":"https:\/\/www.webmedical.ro\/realitatialespitalelor\/wp-json\/wp\/v2\/users\/1"}],"replies":[{"embeddable":true,"href":"https:\/\/www.webmedical.ro\/realitatialespitalelor\/wp-json\/wp\/v2\/comments?post=19098"}],"version-history":[{"count":16,"href":"https:\/\/www.webmedical.ro\/realitatialespitalelor\/wp-json\/wp\/v2\/pages\/19098\/revisions"}],"predecessor-version":[{"id":19888,"href":"https:\/\/www.webmedical.ro\/realitatialespitalelor\/wp-json\/wp\/v2\/pages\/19098\/revisions\/19888"}],"wp:attachment":[{"href":"https:\/\/www.webmedical.ro\/realitatialespitalelor\/wp-json\/wp\/v2\/media?parent=19098"}],"curies":[{"name":"wp","href":"https:\/\/api.w.org\/{rel}","templated":true}]}}